of p and l.
12
Let a(r) = -r**2 + 7*r - 1. Let l be a(6). Suppose -21 = -l*f + 4. Calculate the greatest common divisor of f and 15.
5
Let t be ((-4)/(-10))/((-2)/(-60)). Let m be 2/11 + 448/(-44). Let n = m + 28. What is the greatest common factor of t and n?
6
Let o = 115 - 45. Calculate the highest common factor of o and 10.
10
Let r(f) = -2*f**3 - 8*f**2 - 5*f - 9. Let u be r(-6). Calculate the greatest common factor of u and 15.
15
Let u(w) = 24*w**2 + 3*w - 4. Let s be u(2). Let t(a) = -4*a - 7. Let i be t(9). Let b = i + s. What is the greatest common factor of b and 5?
5
Let l = -2 + 17. Calculate the highest common factor of 120 and l.
15
Suppose 10*n + 20 = 130. Calculate the greatest common divisor of n and 99.
11
Let f(k) = -14*k. Let r be f(-2). Let m = 42 - r. Let h = 254 - 156. What is the greatest common divisor of m and h?
14
Let y(o) = -o + 1. Let x be y(-1). Suppose x*l + k - 10 = 4*k, -3*l = -5*k - 17. Let j be (-5 + -3)/(2/l). What is the highest common divisor of j and 16?
4
Let f = 0 - -1. Let r be -1*f*(-5 - -2). Let z be (r + 3)*(-6)/(-2). What is the highest common factor of 9 and z?
9
Suppose -f + 37 = 2*c, -2*c - f = -c - 21. Let l be ((-1)/4)/((-2)/c). Let j be (2 + 6*1)/2. Calculate the greatest common factor of l and j.
2
Suppose 4*y + 4*k - 68 = 0, 5*y + 2*k - 80 = 14. Let v = y + 84. Let m = 28 + -15. What is the greatest common factor of v and m?
13
Let k = 22 - -32. Suppose 3*l + 5 - 63 = 2*d, 3*l - 60 = 3*d. Calculate the greatest common factor of l and k.
18
Suppose 4*w - 4*y = 5*w, -4*w = 4*y - 60. Let z be ((-36)/30)/((-3)/10). What is the highest common divisor of w and z?
4
Let o be 187*(1 - 0/(-2)). Suppose -o = -0*g - g. Suppose -g = -3*i - 19. What is the highest common divisor of i and 14?
14
Let u be (2/21)/((-1)/(-9))*35. What is the highest common divisor of 20 and u?
10
Suppose 0 = -3*a - 2*a. Suppose 2*s + 5*q - 17 = a, 2*s = 5*q + 10 + 37. Let w = -43 + 67. Calculate the greatest common divisor of w and s.
8
Let s(c) = c**2 + c + 2. Let i be s(-6). Let b(v) = -v**2 - 12*v - 8. Let y be b(-11). Suppose 2*q - 240 = -y*q. Calculate the highest common factor of i and q.
16
Suppose 0 = 4*q + 4*t - 12, 5*q - 4*q + 3*t + 1 = 0. Suppose -5*m = -20, -q*a + 10*a + 5*m = 170. What is the highest common factor of 10 and a?
10
Suppose -5*q + 36 = 4*g - 11, 0 = -3*g + 9. What is the greatest common factor of 7 and q?
7
Suppose q + q = 28. Calculate the highest common divisor of q and 14.
14
Let o = 7 - 12. Let h be 5/(-25) - 151/o. Suppose -5*m - h = -5*j, j = -4*m + 22 - 1. What is the highest common divisor of 1 and j?
1
Let l(i) = 2*i**2 - 3*i + 2. Let m(b) = -b**2 + 3*b - 2. Let x(q) = 2*l(q) + 3*m(q). Let w be x(-6). Calculate the highest common divisor of w and 40.
8
Suppose 4*w = -16, w + 12 = 3*z - 10. What is the highest common divisor of 2 and z?
2
Suppose -2*b - 10 = -4*b. What is the greatest common factor of b and 5?
5
Let k be (12/(-9))/((-6)/9). Let z be -1 + -2 + k + 10. Suppose 4*l - 3 = z. What is the greatest common factor of l and 9?
3
Suppose -8*p = -102 - 1578. Calculate the highest common factor of p and 30.
30
Let z be (2/3)/((-1)/(-51)). Let y = z + -14. Calculate the highest common divisor of y and 80.
20
Suppose -2*b - b = -15. Suppose 0 = 2*o - b*n + 21, -14 + 34 = -2*o + 4*n. Let z be (-34)/o - (-1)/(-4). What is the highest common factor of 36 and z?
4
Suppose 0 = -4*c + 6 + 10. Let g be (8/(-10))/(c/(-10)). Suppose 2*s - d - 43 = 0, -2*s = -5*s + d + 65. What is the highest common factor of s and g?
2
Suppose -2*r + 10 = 3*r. Suppose 4*g - 18 = -2*n + 22, r*n = -g + 55. Calculate the highest common divisor of n and 6.
6
Suppose 3*t = 5*m + 204, 3*t - 192 = -0*m + m. Calculate the greatest common divisor of t and 7.
7
Let m = -100 - -145. Calculate the highest common divisor of 5 and m.
5
Suppose -12 + 74 = -2*b. Let r = b + 43. Calculate the highest common divisor of 48 and r.
12
Let z = 2 - 0. Suppose 2*j = 4*p - 38, -4*p + 2*j + 28 = -z*j. Calculate the highest common divisor of 6 and p.
6
Let r(l) = -2*l - 6. Suppose w = -13 + 1. Let z be r(w). Calculate the highest common divisor of 126 and z.
18
Let x = -19 - -41. Calculate the greatest common divisor of 33 and x.
11
Suppose 4*n - 10 = -4*m + 2, -5*m = -5. Suppose -n*k + 13 - 3 = 0. Let o be 3/9 + (-132)/(-9). What is the highest common divisor of k and o?
5
Suppose 0 = -3*a + 4*a - 5. Suppose 0 = 2*m + a*k + 133, -3*k + 319 = -5*m - 2*k. Let o = 103 + m. What is the highest common factor of o and 13?
13
Suppose -4*v + 6 = -v. Let u = -14 - -20. Suppose -n - u = -v*n - 3*k, -2*k = -2*n + 28. Calculate the greatest common divisor of n and 18.
6
Let t(v) = -v**2 - 10 + 4*v**3 + 5 + 7 + v + 0*v**2. Let u be t(2). Calculate the highest common factor of u and 32.
32
Suppose 4*z + 2*f + 52 = 680, 0 = -2*z + 3*f + 306. Calculate the greatest common divisor of z and 12.
12
Let c(j) = -14*j + 7. Let g be c(-2). Let d be (-1 - 4)/(2/(-2)). Calculate the highest common divisor of d and g.
5
Let o(u) = -54*u - 6 - 2 + 42*u + 2. Let m = -4 - 1. Let y be o(m). What is the greatest common factor of y and 36?
18
Let s(i) = 2*i - 3. Let f be s(3). Suppose 0 = -4*j + 12, 3*j = f*b - 617 - 334. Suppose -5*p = -p - b. Calculate the greatest common factor of 32 and p.
16
Let s = 145 + -85. Calculate the greatest common divisor of 40 and s.
20
Let k = -7 - -7. Suppose -y = -3*y + 5*r - 4, -2*r + 4 = k. Suppose 6*d - y*d = 6. What is the highest common divisor of 18 and d?
2
Suppose -u + 1 + 1 = 0. Suppose -u*b + 7*b - 15 = 0, 0 = -2*t - b - 3. Let l be t/(1 + -4) + 6. Calculate the greatest common divisor of l and 56.
7
Let x(o) = 3*o**2 + 4*o - 7. Let s be x(3). Suppose 16 - 118 = 3*c. Let g = s - c. What is the greatest common factor of g and 6?
6
Suppose -5*r + 0 = -80. Let t be (8/(-6))/(2/(-12)). Calculate the highest common factor of r and t.
8
Suppose k = -3 + 5. Let h(w) = 24*w**2 - 3*w. Let l be h(k). What is the greatest common divisor of 10 and l?
10
Let x be (48/(-10))/(2/(-10) - 0). Calculate the highest common factor of x and 32.
8
Suppose 0*t - t + 72 = -4*k, -t = -k - 72. Calculate the greatest common factor of 12 and t.
12
Let g = -8 - -12. Suppose 4*z = -2*j + 46, -50 = -5*z + j + g*j. Let v = -76 + 175. What is the greatest common divisor of v and z?
11
Suppose -5*i - 3*d + 7*d = -130, 0 = 2*i - 4*d - 64. Let n = 7 - -15. Let l be 9/(-18)*n*-12. What is the greatest common factor of l and i?
22
Let f(s) = s + 7. Let k be f(7). What is the greatest common divisor of 126 and k?
14
Let h(f) = -f + 14. Let i be h(0). Let d(l) = 5*l**2 - 5*l - 4. Let q be d(-3). Calculate the greatest common divisor of i and q.
14
Let j be (8/(-1))/(5/(-65)). Calculate the greatest common divisor of j and 13.
13
Let h(d) = d**2 - 8*d + 7. Let v be h(7). Suppose v = -4*l - 23 + 191. Suppose 2*o = 12 + 114. What is the greatest common divisor of o and l?
21
Let w(k) = 4*k**2 - k + 2. Let d be w(1). Suppose -d*n = 5*i, -2*n + 7*n + 40 = 5*i. What is the greatest common divisor of i and 4?
4
Suppose 2*r = -3*z - 80, r + 3*z - 8*z + 40 = 0. Let o = 8 - r. Let q be 124/10 + (-2)/5. Calculate the highest common factor of o and q.
12
Suppose 4*j - 3*j - 10 = 0. What is the highest common factor of j and 30?
10
Let s be (-1)/(-4) - (-66)/88. Calculate the greatest common factor of s and 7.
1
Suppose -3*g = g. Suppose 0 = -5*l + j - 3*j + 84, -l - j + 15 = g. What is the greatest common factor of l and 18?
18
Let m be 63/2*8/(-6). Let d = 46 - m. Calculate the greatest common factor of d and 11.
11
Let a = 332 + -68. Calculate the highest common factor of a and 24.
24
Let m = 7 - 3. Let v(r) = -4*r - 2*r**3 + 3*r - m*r**2 - 3 + 3*r - 3*r. Let y be v(-3). Calculate the highest common divisor of y and 27.
9
Let j(v) = -v - 3. Let m be j(-5). Suppose -3 = -m*r - 1. Let w be ((-9)/1)/(-2 + r). Calculate the greatest common divisor of w and 18.
9
Suppose -1045 = t - 5*t + 5*z, 5*t = -3*z + 1297. Calculate the greatest common divisor of 52 and t.
52
Suppose 3*b = 6, 0 = l + 4*l + 4*b + 22. Let v = 10 + l. Let a be v/(-10) - (-182)/5. What is the greatest common factor of 9 and a?
9
Let i = 61 + -43. Suppose -3*t = -66 - i. Calculate the highest common divis